[INFO] cloning repository https://github.com/LaylConway/shift-inc
[INFO] running `Command { std: "git" "-c" "credential.helper=" "-c" "credential.helper=/workspace/cargo-home/bin/git-credential-null" "clone" "--bare" "https://github.com/LaylConway/shift-inc" "/workspace/cache/git-repos/https%3A%2F%2Fgithub.com%2FLaylConway%2Fshift-inc", kill_on_drop: false }`
[INFO] [stderr] Cloning into bare repository '/workspace/cache/git-repos/https%3A%2F%2Fgithub.com%2FLaylConway%2Fshift-inc'...
[INFO] running `Command { std: "git" "rev-parse" "HEAD", kill_on_drop: false }`
[INFO] [stdout] 4c930686ded427cd198ea9dc2d457ea54d1647f2
[INFO] checking LaylConway/shift-inc against master#af3c6e733a40e671550e0f0f5aeecaa13772ba56 for pr-74989
[INFO] running `Command { std: "git" "clone" "/workspace/cache/git-repos/https%3A%2F%2Fgithub.com%2FLaylConway%2Fshift-inc" "/workspace/builds/worker-4/source", kill_on_drop: false }`
[INFO] [stderr] Cloning into '/workspace/builds/worker-4/source'...
[INFO] [stderr] done.
[INFO] validating manifest of git repo https://github.com/LaylConway/shift-inc on toolchain af3c6e733a40e671550e0f0f5aeecaa13772ba56
[INFO] running `Command { std: "/workspace/cargo-home/bin/cargo" "+af3c6e733a40e671550e0f0f5aeecaa13772ba56" "read-manifest" "--manifest-path" "Cargo.toml", kill_on_drop: false }`
[INFO] started tweaking git repo https://github.com/LaylConway/shift-inc
[INFO] finished tweaking git repo https://github.com/LaylConway/shift-inc
[INFO] tweaked toml for git repo https://github.com/LaylConway/shift-inc written to /workspace/builds/worker-4/source/Cargo.toml
[INFO] crate git repo https://github.com/LaylConway/shift-inc already has a lockfile, it will not be regenerated
[INFO] running `Command { std: "/workspace/cargo-home/bin/cargo" "+af3c6e733a40e671550e0f0f5aeecaa13772ba56" "fetch" "--locked" "--manifest-path" "Cargo.toml", kill_on_drop: false }`
[INFO] [stderr]     Blocking waiting for file lock on package cache
[INFO] [stderr] error: the lock file /workspace/builds/worker-4/source/Cargo.lock needs to be updated but --locked was passed to prevent this
[INFO] [stderr] If you want to try to generate the lock file without accessing the network, use the --offline flag.
[INFO] the lockfile is outdated, regenerating it
[INFO] running `Command { std: "/workspace/cargo-home/bin/cargo" "+af3c6e733a40e671550e0f0f5aeecaa13772ba56" "generate-lockfile" "--manifest-path" "Cargo.toml" "-Zno-index-update", kill_on_drop: false }`
[INFO] [stderr]     Blocking waiting for file lock on package cache
[INFO] [stderr]     Updating git repository `https://github.com/carbidegames/tungsten.git`
[INFO] [stderr]     Updating git repository `https://github.com/carbidegames/tungsten-glium2d.git`
[INFO] [stderr]     Updating git repository `https://github.com/tomaka/glium.git`
[INFO] running `Command { std: "/workspace/cargo-home/bin/cargo" "+af3c6e733a40e671550e0f0f5aeecaa13772ba56" "fetch" "--locked" "--manifest-path" "Cargo.toml", kill_on_drop: false }`
[INFO] [stderr]     Blocking waiting for file lock on package cache
[INFO] running `Command { std: "docker" "create" "-v" "/var/lib/crater-agent-workspace/builds/worker-4/target:/opt/rustwide/target:rw,Z" "-v" "/var/lib/crater-agent-workspace/builds/worker-4/source:/opt/rustwide/workdir:ro,Z" "-v" "/var/lib/crater-agent-workspace/cargo-home:/opt/rustwide/cargo-home:ro,Z" "-v" "/var/lib/crater-agent-workspace/rustup-home:/opt/rustwide/rustup-home:ro,Z" "-e" "SOURCE_DIR=/opt/rustwide/workdir" "-e" "CARGO_TARGET_DIR=/opt/rustwide/target" "-e" "CARGO_HOME=/opt/rustwide/cargo-home" "-e" "RUSTUP_HOME=/opt/rustwide/rustup-home" "-w" "/opt/rustwide/workdir" "-m" "1610612736" "--user" "0:0" "--network" "none" "rustops/crates-build-env@sha256:d92eaeed33fa75130ca1ee6c8a01d1ffb62bac859dfdfb3450e3e5d1c0146529" "/opt/rustwide/cargo-home/bin/cargo" "+af3c6e733a40e671550e0f0f5aeecaa13772ba56" "metadata" "--no-deps" "--format-version=1", kill_on_drop: false }`
[INFO] [stdout] 71aa38f09d255c9934cff9a8409c4a9e1d3a44be3f74731659c8dba07876aa70
[INFO] [stderr] WARNING: Your kernel does not support swap limit capabilities or the cgroup is not mounted. Memory limited without swap.
[INFO] running `Command { std: "docker" "start" "-a" "71aa38f09d255c9934cff9a8409c4a9e1d3a44be3f74731659c8dba07876aa70", kill_on_drop: false }`
[INFO] running `Command { std: "docker" "inspect" "71aa38f09d255c9934cff9a8409c4a9e1d3a44be3f74731659c8dba07876aa70", kill_on_drop: false }`
[INFO] running `Command { std: "docker" "rm" "-f" "71aa38f09d255c9934cff9a8409c4a9e1d3a44be3f74731659c8dba07876aa70", kill_on_drop: false }`
[INFO] [stdout] 71aa38f09d255c9934cff9a8409c4a9e1d3a44be3f74731659c8dba07876aa70
[INFO] running `Command { std: "docker" "create" "-v" "/var/lib/crater-agent-workspace/builds/worker-4/target:/opt/rustwide/target:rw,Z" "-v" "/var/lib/crater-agent-workspace/builds/worker-4/source:/opt/rustwide/workdir:ro,Z" "-v" "/var/lib/crater-agent-workspace/cargo-home:/opt/rustwide/cargo-home:ro,Z" "-v" "/var/lib/crater-agent-workspace/rustup-home:/opt/rustwide/rustup-home:ro,Z" "-e" "SOURCE_DIR=/opt/rustwide/workdir" "-e" "CARGO_TARGET_DIR=/opt/rustwide/target" "-e" "CARGO_INCREMENTAL=0" "-e" "RUST_BACKTRACE=full" "-e" "RUSTFLAGS=--cap-lints=forbid" "-e" "CARGO_HOME=/opt/rustwide/cargo-home" "-e" "RUSTUP_HOME=/opt/rustwide/rustup-home" "-w" "/opt/rustwide/workdir" "-m" "1610612736" "--user" "0:0" "--network" "none" "rustops/crates-build-env@sha256:d92eaeed33fa75130ca1ee6c8a01d1ffb62bac859dfdfb3450e3e5d1c0146529" "/opt/rustwide/cargo-home/bin/cargo" "+af3c6e733a40e671550e0f0f5aeecaa13772ba56" "check" "--frozen" "--all" "--all-targets" "--message-format=json", kill_on_drop: false }`
[INFO] [stdout] c2cb026a11f6ea7d283af2b70674f918a05f25690c278e9b01e48b493b4bd74c
[INFO] [stderr] WARNING: Your kernel does not support swap limit capabilities or the cgroup is not mounted. Memory limited without swap.
[INFO] running `Command { std: "docker" "start" "-a" "c2cb026a11f6ea7d283af2b70674f918a05f25690c278e9b01e48b493b4bd74c", kill_on_drop: false }`
[INFO] [stderr]     Blocking waiting for file lock on package cache
[INFO] [stderr]    Compiling autocfg v1.0.1
[INFO] [stderr]    Compiling libc v0.2.77
[INFO] [stderr]    Compiling log v0.4.11
[INFO] [stderr]    Compiling cc v1.0.59
[INFO] [stderr]     Checking slab v0.4.2
[INFO] [stderr]    Compiling pkg-config v0.3.18
[INFO] [stderr]     Checking rustc-serialize v0.3.24
[INFO] [stderr]     Checking downcast-rs v1.2.0
[INFO] [stderr]     Checking smallvec v1.4.2
[INFO] [stderr]     Checking instant v0.1.6
[INFO] [stderr]     Checking adler v0.2.3
[INFO] [stderr]     Checking either v1.6.0
[INFO] [stderr]     Checking bitflags v0.3.3
[INFO] [stderr]     Checking bitflags v0.7.0
[INFO] [stderr]     Checking base64 v0.1.1
[INFO] [stderr]     Checking unsafe-any v0.4.2
[INFO] [stderr]     Checking gif v0.8.0
[INFO] [stderr]     Checking libloading v0.6.3
[INFO] [stderr]     Checking xml-rs v0.3.6
[INFO] [stderr]    Compiling wayland-scanner v0.23.6
[INFO] [stderr]     Checking dynamic v0.2.1
[INFO] [stderr]     Checking dlib v0.4.2
[INFO] [stderr]     Checking wayland-sys v0.23.6
[INFO] [stderr]    Compiling num-traits v0.2.12
[INFO] [stderr]    Compiling num-integer v0.1.43
[INFO] [stderr]    Compiling memoffset v0.5.5
[INFO] [stderr]    Compiling crossbeam-utils v0.7.2
[INFO] [stderr]    Compiling num-iter v0.1.41
[INFO] [stderr]    Compiling crossbeam-epoch v0.8.2
[INFO] [stderr]    Compiling miniz_oxide v0.4.2
[INFO] [stderr]    Compiling rayon v1.4.0
[INFO] [stderr]    Compiling gl_generator v0.14.0
[INFO] [stderr]    Compiling x11-dl v2.18.5
[INFO] [stderr]    Compiling miniz-sys v0.1.12
[INFO] [stderr]    Compiling libloading v0.5.2
[INFO] [stderr]     Checking iovec v0.1.4
[INFO] [stderr]     Checking net2 v0.2.35
[INFO] [stderr]     Checking nix v0.14.1
[INFO] [stderr]     Checking rand v0.4.6
[INFO] [stderr]     Checking num_cpus v1.13.0
[INFO] [stderr]     Checking memmap v0.7.0
[INFO] [stderr]     Checking parking_lot_core v0.7.2
[INFO] [stderr]     Checking shared_library v0.1.9
[INFO] [stderr]     Checking raw-window-handle v0.3.3
[INFO] [stderr]     Checking time v0.1.44
[INFO] [stderr]     Checking crossbeam-channel v0.4.4
[INFO] [stderr]     Checking backtrace v0.3.50
[INFO] [stderr]     Checking osmesa-sys v0.1.2
[INFO] [stderr]     Checking mio v0.6.22
[INFO] [stderr]     Checking parking_lot v0.10.2
[INFO] [stderr]     Checking crossbeam-deque v0.7.3
[INFO] [stderr]     Checking flate2 v0.2.20
[INFO] [stderr]     Checking tungsten v0.1.0
[INFO] [stderr]     Checking tungsten v0.1.0 (https://github.com/carbidegames/tungsten.git#aa1a5293)
[INFO] [stderr]     Checking ordered-float v1.1.0
[INFO] [stderr]     Checking approx v0.3.2
[INFO] [stderr]     Checking line_drawing v0.7.0
[INFO] [stderr]     Checking num-traits v0.1.43
[INFO] [stderr]     Checking rayon-core v1.8.0
[INFO] [stderr]    Compiling glutin_glx_sys v0.1.7
[INFO] [stderr]    Compiling glutin_egl_sys v0.1.5
[INFO] [stderr]    Compiling glium v0.27.0 (https://github.com/tomaka/glium.git#6417c691)
[INFO] [stderr]     Checking rand v0.3.23
[INFO] [stderr]     Checking enum_primitive v0.1.1
[INFO] [stderr]    Compiling wayland-client v0.23.6
[INFO] [stderr]    Compiling wayland-protocols v0.23.6
[INFO] [stderr]     Checking rusttype v0.8.3
[INFO] [stderr]     Checking tiled v0.1.5
[INFO] [stderr]     Checking mio-extras v2.0.6
[INFO] [stderr]     Checking png v0.4.3
[INFO] [stderr]     Checking num-bigint v0.1.44
[INFO] [stderr]     Checking num-complex v0.1.43
[INFO] [stderr]     Checking rusttype v0.7.9
[INFO] [stderr]     Checking andrew v0.2.1
[INFO] [stderr]     Checking num-rational v0.1.42
[INFO] [stderr]     Checking num v0.1.42
[INFO] [stderr]     Checking cgmath v0.7.0
[INFO] [stderr]     Checking cgmath v0.8.0
[INFO] [stderr]     Checking wayland-commons v0.23.6
[INFO] [stderr]     Checking calloop v0.4.4
[INFO] [stderr]     Checking jpeg-decoder v0.1.20
[INFO] [stderr]     Checking image v0.8.0
[INFO] [stderr]     Checking smithay-client-toolkit v0.6.6
[INFO] [stderr]     Checking winit v0.22.2
[INFO] [stderr]     Checking glutin v0.24.1
[INFO] [stderr]     Checking tungsten-glium2d v0.1.0 (https://github.com/carbidegames/tungsten-glium2d.git#cca3cdb8)
[INFO] [stdout] error[E0432]: unresolved import `glium::glutin::Event`
[INFO] [stdout]  --> /opt/rustwide/cargo-home/git/checkouts/tungsten-glium2d-a1a0afe6d0949c98/cca3cdb/src/frontend.rs:3:5
[INFO] [stdout]   |
[INFO] [stdout] 3 | use glium::glutin::Event;
[INFO] [stdout]   |     ^^^^^^^^^^^^^^^-----
[INFO] [stdout]   |     |              |
[INFO] [stdout]   |     |              help: a similar name exists in the module: `event`
[INFO] [stdout]   |     no `Event` in `glutin`
[INFO] [stdout] 
[INFO] [stdout] 
[INFO] [stdout] error[E0432]: unresolved import `glium::backend::glutin_backend`
[INFO] [stdout]  --> /opt/rustwide/cargo-home/git/checkouts/tungsten-glium2d-a1a0afe6d0949c98/cca3cdb/src/runtime.rs:6:21
[INFO] [stdout]   |
[INFO] [stdout] 6 | use glium::backend::glutin_backend::GlutinFacade;
[INFO] [stdout]   |                     ^^^^^^^^^^^^^^ could not find `glutin_backend` in `backend`
[INFO] [stdout] 
[INFO] [stdout] 
[INFO] [stdout] error[E0432]: unresolved imports `glium::glutin::Event`, `glium::glutin::WindowBuilder`
[INFO] [stdout]  --> /opt/rustwide/cargo-home/git/checkouts/tungsten-glium2d-a1a0afe6d0949c98/cca3cdb/src/runtime.rs:8:21
[INFO] [stdout]   |
[INFO] [stdout] 8 | use glium::glutin::{Event, WindowBuilder};
[INFO] [stdout]   |                     ^^^^^  ^^^^^^^^^^^^^ no `WindowBuilder` in `glutin`
[INFO] [stdout]   |                     |
[INFO] [stdout]   |                     no `Event` in `glutin`
[INFO] [stdout]   |                     help: a similar name exists in the module: `event`
[INFO] [stdout] 
[INFO] [stdout] 
[INFO] [stdout] error[E0432]: unresolved import `glium::DisplayBuild`
[INFO] [stdout]   --> /opt/rustwide/cargo-home/git/checkouts/tungsten-glium2d-a1a0afe6d0949c98/cca3cdb/src/runtime.rs:13:20
[INFO] [stdout]    |
[INFO] [stdout] 13 | use glium::{Frame, DisplayBuild, Surface, VertexBuffer, Program, Blend};
[INFO] [stdout]    |                    ^^^^^^^^^^^^ no `DisplayBuild` in the root
[INFO] [stdout] 
[INFO] [stdout] 
[INFO] [stdout] error[E0432]: unresolved import `glium::glutin::VirtualKeyCode`
[INFO] [stdout]   --> /opt/rustwide/cargo-home/git/checkouts/tungsten-glium2d-a1a0afe6d0949c98/cca3cdb/src/lib.rs:12:9
[INFO] [stdout]    |
[INFO] [stdout] 12 | pub use glium::glutin::VirtualKeyCode as Key;
[INFO] [stdout]    |         ^^^^^^^^^^^^^^^^^^^^^^^^^^^^^^^^^^^^ no `VirtualKeyCode` in `glutin`
[INFO] [stdout] 
[INFO] [stdout] 
[INFO] [stdout] error[E0432]: unresolved import `glium::glutin::ElementState`
[INFO] [stdout]   --> /opt/rustwide/cargo-home/git/checkouts/tungsten-glium2d-a1a0afe6d0949c98/cca3cdb/src/lib.rs:13:9
[INFO] [stdout]    |
[INFO] [stdout] 13 | pub use glium::glutin::ElementState as ElementState;
[INFO] [stdout]    |         ^^^^^^^^^^^^^^^^^^^^^^^^^^^^^^^^^^^^^^^^^^^ no `ElementState` in `glutin`
[INFO] [stdout] 
[INFO] [stdout] 
[INFO] [stdout] error[E0432]: unresolved import `glium::glutin::MouseButton`
[INFO] [stdout]   --> /opt/rustwide/cargo-home/git/checkouts/tungsten-glium2d-a1a0afe6d0949c98/cca3cdb/src/lib.rs:14:9
[INFO] [stdout]    |
[INFO] [stdout] 14 | pub use glium::glutin::MouseButton as MouseButton;
[INFO] [stdout]    |         ^^^^^^^^^^^^^^^^^^^^^^^^^^^^^^^^^^^^^^^^^ no `MouseButton` in `glutin`
[INFO] [stdout] 
[INFO] [stdout] 
[INFO] [stdout] error[E0282]: type annotations needed for `(Sender<T>, std::sync::mpsc::Receiver<T>)`
[INFO] [stdout]   --> /opt/rustwide/cargo-home/git/checkouts/tungsten-glium2d-a1a0afe6d0949c98/cca3cdb/src/frontend.rs:53:40
[INFO] [stdout]    |
[INFO] [stdout] 53 |         let (event_send, event_recv) = mpsc::channel();
[INFO] [stdout]    |             ------------------------   ^^^^^^^^^^^^^ cannot infer type for type parameter `T` declared on the function `channel`
[INFO] [stdout]    |             |
[INFO] [stdout]    |             consider giving this pattern the explicit type `(Sender<T>, std::sync::mpsc::Receiver<T>)`, where the type parameter `T` is specified
[INFO] [stdout] 
[INFO] [stdout] 
[INFO] [stdout] error[E0308]: mismatched types
[INFO] [stdout]    --> /opt/rustwide/cargo-home/git/checkouts/tungsten-glium2d-a1a0afe6d0949c98/cca3cdb/src/runtime.rs:122:21
[INFO] [stdout]     |
[INFO] [stdout] 122 |                     image.0.clone(), image.1
[INFO] [stdout]     |                     ^^^^^^^^^^^^^^^
[INFO] [stdout]     |                     |
[INFO] [stdout]     |                     expected `&[_]`, found struct `Vec`
[INFO] [stdout]     |                     help: consider borrowing here: `&image.0`
[INFO] [stdout]     |
[INFO] [stdout]     = note: expected reference `&[_]`
[INFO] [stdout]                   found struct `Vec<u8>`
[INFO] [stdout] 
[INFO] [stdout] 
[INFO] [stdout] error: aborting due to 9 previous errors
[INFO] [stdout] 
[INFO] [stdout] 
[INFO] [stdout] Some errors have detailed explanations: E0282, E0308, E0432.
[INFO] [stdout] 
[INFO] [stdout] For more information about an error, try `rustc --explain E0282`.
[INFO] [stdout] 
[INFO] [stderr] error: could not compile `tungsten-glium2d`.
[INFO] [stderr] 
[INFO] [stderr] To learn more, run the command again with --verbose.
[INFO] running `Command { std: "docker" "inspect" "c2cb026a11f6ea7d283af2b70674f918a05f25690c278e9b01e48b493b4bd74c", kill_on_drop: false }`
[INFO] running `Command { std: "docker" "rm" "-f" "c2cb026a11f6ea7d283af2b70674f918a05f25690c278e9b01e48b493b4bd74c", kill_on_drop: false }`
[INFO] [stdout] c2cb026a11f6ea7d283af2b70674f918a05f25690c278e9b01e48b493b4bd74c
